[INFO] cloning repository https://github.com/richardsamuels/rust-chip8
[INFO] running `Command { std: "git" "-c" "credential.helper=" "-c" "credential.helper=/workspace/cargo-home/bin/git-credential-null" "clone" "--bare" "https://github.com/richardsamuels/rust-chip8" "/workspace/cache/git-repos/https%3A%2F%2Fgithub.com%2Frichardsamuels%2Frust-chip8", kill_on_drop: false }`
[INFO] [stderr] Cloning into bare repository '/workspace/cache/git-repos/https%3A%2F%2Fgithub.com%2Frichardsamuels%2Frust-chip8'...
[INFO] running `Command { std: "git" "rev-parse" "HEAD", kill_on_drop: false }`
[INFO] [stdout] c20a5872ea8f8e0165b82b10b9bf47b2714833f7
[INFO] checking richardsamuels/rust-chip8 against master#af3c6e733a40e671550e0f0f5aeecaa13772ba56 for pr-74989
[INFO] running `Command { std: "git" "clone" "/workspace/cache/git-repos/https%3A%2F%2Fgithub.com%2Frichardsamuels%2Frust-chip8" "/workspace/builds/worker-1/source", kill_on_drop: false }`
[INFO] [stderr] Cloning into '/workspace/builds/worker-1/source'...
[INFO] [stderr] done.
[INFO] validating manifest of git repo https://github.com/richardsamuels/rust-chip8 on toolchain af3c6e733a40e671550e0f0f5aeecaa13772ba56
[INFO] running `Command { std: "/workspace/cargo-home/bin/cargo" "+af3c6e733a40e671550e0f0f5aeecaa13772ba56" "read-manifest" "--manifest-path" "Cargo.toml", kill_on_drop: false }`
[INFO] started tweaking git repo https://github.com/richardsamuels/rust-chip8
[INFO] removed path dependency chip8 from git repo https://github.com/richardsamuels/rust-chip8
[INFO] finished tweaking git repo https://github.com/richardsamuels/rust-chip8
[INFO] tweaked toml for git repo https://github.com/richardsamuels/rust-chip8 written to /workspace/builds/worker-1/source/Cargo.toml
[INFO] crate git repo https://github.com/richardsamuels/rust-chip8 already has a lockfile, it will not be regenerated
[INFO] running `Command { std: "/workspace/cargo-home/bin/cargo" "+af3c6e733a40e671550e0f0f5aeecaa13772ba56" "fetch" "--locked" "--manifest-path" "Cargo.toml", kill_on_drop: false }`
[INFO] [stderr] warning: dependency (chip8) specified without providing a local path, Git repository, or version to use. This will be considered an error in future versions
[INFO] [stderr]     Blocking waiting for file lock on package cache
[INFO] [stderr]     Updating crates.io index
[INFO] [stderr] error: the lock file /workspace/builds/worker-1/source/Cargo.lock needs to be updated but --locked was passed to prevent this
[INFO] [stderr] If you want to try to generate the lock file without accessing the network, use the --offline flag.
[INFO] the lockfile is outdated, regenerating it
[INFO] running `Command { std: "/workspace/cargo-home/bin/cargo" "+af3c6e733a40e671550e0f0f5aeecaa13772ba56" "generate-lockfile" "--manifest-path" "Cargo.toml" "-Zno-index-update", kill_on_drop: false }`
[INFO] running `Command { std: "/workspace/cargo-home/bin/cargo" "+af3c6e733a40e671550e0f0f5aeecaa13772ba56" "fetch" "--locked" "--manifest-path" "Cargo.toml", kill_on_drop: false }`
[INFO] [stderr] warning: dependency (chip8) specified without providing a local path, Git repository, or version to use. This will be considered an error in future versions
[INFO] running `Command { std: "docker" "create" "-v" "/var/lib/crater-agent-workspace/builds/worker-1/target:/opt/rustwide/target:rw,Z" "-v" "/var/lib/crater-agent-workspace/builds/worker-1/source:/opt/rustwide/workdir:ro,Z" "-v" "/var/lib/crater-agent-workspace/cargo-home:/opt/rustwide/cargo-home:ro,Z" "-v" "/var/lib/crater-agent-workspace/rustup-home:/opt/rustwide/rustup-home:ro,Z" "-e" "SOURCE_DIR=/opt/rustwide/workdir" "-e" "CARGO_TARGET_DIR=/opt/rustwide/target" "-e" "CARGO_HOME=/opt/rustwide/cargo-home" "-e" "RUSTUP_HOME=/opt/rustwide/rustup-home" "-w" "/opt/rustwide/workdir" "-m" "1610612736" "--user" "0:0" "--network" "none" "rustops/crates-build-env@sha256:d92eaeed33fa75130ca1ee6c8a01d1ffb62bac859dfdfb3450e3e5d1c0146529" "/opt/rustwide/cargo-home/bin/cargo" "+af3c6e733a40e671550e0f0f5aeecaa13772ba56" "metadata" "--no-deps" "--format-version=1", kill_on_drop: false }`
[INFO] [stderr] WARNING: Your kernel does not support swap limit capabilities or the cgroup is not mounted. Memory limited without swap.
[INFO] [stdout] f6424c0def036905d72f496bd1ec36dc53aff29e7de19be04d2d4c19fb9be30d
[INFO] running `Command { std: "docker" "start" "-a" "f6424c0def036905d72f496bd1ec36dc53aff29e7de19be04d2d4c19fb9be30d", kill_on_drop: false }`
[INFO] running `Command { std: "docker" "inspect" "f6424c0def036905d72f496bd1ec36dc53aff29e7de19be04d2d4c19fb9be30d", kill_on_drop: false }`
[INFO] running `Command { std: "docker" "rm" "-f" "f6424c0def036905d72f496bd1ec36dc53aff29e7de19be04d2d4c19fb9be30d", kill_on_drop: false }`
[INFO] [stdout] f6424c0def036905d72f496bd1ec36dc53aff29e7de19be04d2d4c19fb9be30d
[INFO] running `Command { std: "docker" "create" "-v" "/var/lib/crater-agent-workspace/builds/worker-1/target:/opt/rustwide/target:rw,Z" "-v" "/var/lib/crater-agent-workspace/builds/worker-1/source:/opt/rustwide/workdir:ro,Z" "-v" "/var/lib/crater-agent-workspace/cargo-home:/opt/rustwide/cargo-home:ro,Z" "-v" "/var/lib/crater-agent-workspace/rustup-home:/opt/rustwide/rustup-home:ro,Z" "-e" "SOURCE_DIR=/opt/rustwide/workdir" "-e" "CARGO_TARGET_DIR=/opt/rustwide/target" "-e" "CARGO_INCREMENTAL=0" "-e" "RUST_BACKTRACE=full" "-e" "RUSTFLAGS=--cap-lints=forbid" "-e" "CARGO_HOME=/opt/rustwide/cargo-home" "-e" "RUSTUP_HOME=/opt/rustwide/rustup-home" "-w" "/opt/rustwide/workdir" "-m" "1610612736" "--user" "0:0" "--network" "none" "rustops/crates-build-env@sha256:d92eaeed33fa75130ca1ee6c8a01d1ffb62bac859dfdfb3450e3e5d1c0146529" "/opt/rustwide/cargo-home/bin/cargo" "+af3c6e733a40e671550e0f0f5aeecaa13772ba56" "check" "--frozen" "--all" "--all-targets" "--message-format=json", kill_on_drop: false }`
[INFO] [stderr] WARNING: Your kernel does not support swap limit capabilities or the cgroup is not mounted. Memory limited without swap.
[INFO] [stdout] a35ccc944c1f98d923b909c3372ff402cf62d7d022599c47ecba90308e76d5d8
[INFO] running `Command { std: "docker" "start" "-a" "a35ccc944c1f98d923b909c3372ff402cf62d7d022599c47ecba90308e76d5d8", kill_on_drop: false }`
[INFO] [stderr] warning: dependency (chip8) specified without providing a local path, Git repository, or version to use. This will be considered an error in future versions
[INFO] [stderr]    Compiling autocfg v1.0.1
[INFO] [stderr]    Compiling libc v0.2.77
[INFO] [stderr]    Compiling bitflags v1.2.1
[INFO] [stderr]     Checking unicode-width v0.1.8
[INFO] [stderr]    Compiling unicode-xid v0.0.4
[INFO] [stderr]     Checking strsim v0.8.0
[INFO] [stderr]     Checking vec_map v0.8.2
[INFO] [stderr]    Compiling quote v0.3.15
[INFO] [stderr]     Checking ansi_term v0.11.0
[INFO] [stderr]     Checking bitflags v0.7.0
[INFO] [stderr]     Checking chip8 v0.1.1
[INFO] [stderr]    Compiling sdl2-sys v0.31.0
[INFO] [stderr]     Checking textwrap v0.11.0
[INFO] [stderr]    Compiling synom v0.11.3
[INFO] [stderr]    Compiling syn v0.11.11
[INFO] [stderr]    Compiling num-traits v0.2.12
[INFO] [stderr]    Compiling num-integer v0.1.43
[INFO] [stderr]    Compiling num-iter v0.1.41
[INFO] [stderr]     Checking atty v0.2.14
[INFO] [stderr]     Checking rand v0.4.6
[INFO] [stderr]     Checking clap v2.33.3
[INFO] [stderr]     Checking rand v0.3.23
[INFO] [stderr]    Compiling structopt-derive v0.1.6
[INFO] [stderr]     Checking num v0.1.42
[INFO] [stderr]     Checking sdl2 v0.31.0
[INFO] [stderr]     Checking structopt v0.1.7
[INFO] [stderr]     Checking chip8_app v0.1.0 (/opt/rustwide/workdir)
[INFO] [stdout] error[E0432]: unresolved import `chip8::Chip8`
[INFO] [stdout]   --> src/main.rs:16:5
[INFO] [stdout]    |
[INFO] [stdout] 16 | use chip8::Chip8;
[INFO] [stdout]    |     ^^^^^^^^^^^^ no `Chip8` in the root
[INFO] [stdout] 
[INFO] [stdout] 
[INFO] [stdout] error[E0432]: unresolved import `chip8::Beeper`
[INFO] [stdout]  --> src/audio.rs:5:5
[INFO] [stdout]   |
[INFO] [stdout] 5 | use chip8::Beeper;
[INFO] [stdout]   |     ^^^^^^^^^^^^^ no `Beeper` in the root
[INFO] [stdout] 
[INFO] [stdout] 
[INFO] [stdout] error[E0405]: cannot find trait `Display` in crate `chip8`
[INFO] [stdout]   --> src/display.rs:32:13
[INFO] [stdout]    |
[INFO] [stdout] 32 | impl chip8::Display for SdlDisplay {
[INFO] [stdout]    |             ^^^^^^^ not found in `chip8`
[INFO] [stdout]    |
[INFO] [stdout] help: consider importing this trait
[INFO] [stdout]    |
[INFO] [stdout] 4  | use std::fmt::Display;
[INFO] [stdout]    |
[INFO] [stdout] 
[INFO] [stdout] 
[INFO] [stdout] error[E0405]: cannot find trait `Input` in crate `chip8`
[INFO] [stdout]   --> src/input.rs:19:13
[INFO] [stdout]    |
[INFO] [stdout] 19 | impl chip8::Input for SdlInput {
[INFO] [stdout]    |             ^^^^^ not found in `chip8`
[INFO] [stdout] 
[INFO] [stdout] 
[INFO] [stdout] error[E0432]: unresolved import `chip8::Chip8`
[INFO] [stdout]   --> src/main.rs:16:5
[INFO] [stdout]    |
[INFO] [stdout] 16 | use chip8::Chip8;
[INFO] [stdout]    |     ^^^^^^^^^^^^ no `Chip8` in the root
[INFO] [stdout] 
[INFO] [stdout] 
[INFO] [stdout] error[E0432]: unresolved import `chip8::Beeper`
[INFO] [stdout]  --> src/audio.rs:5:5
[INFO] [stdout]   |
[INFO] [stdout] 5 | use chip8::Beeper;
[INFO] [stdout]   |     ^^^^^^^^^^^^^ no `Beeper` in the root
[INFO] [stdout] 
[INFO] [stdout] 
[INFO] [stdout] error: aborting due to 4 previous errors
[INFO] [stdout] 
[INFO] [stdout] 
[INFO] [stdout] Some errors have detailed explanations: E0405, E0432.
[INFO] [stdout] 
[INFO] [stdout] For more information about an error, try `rustc --explain E0405`.
[INFO] [stdout] 
[INFO] [stderr] error: could not compile `chip8_app`.
[INFO] [stderr] 
[INFO] [stderr] To learn more, run the command again with --verbose.
[INFO] [stderr] warning: build failed, waiting for other jobs to finish...
[INFO] [stdout] error[E0405]: cannot find trait `Display` in crate `chip8`
[INFO] [stdout]   --> src/display.rs:32:13
[INFO] [stdout]    |
[INFO] [stdout] 32 | impl chip8::Display for SdlDisplay {
[INFO] [stdout]    |             ^^^^^^^ not found in `chip8`
[INFO] [stdout]    |
[INFO] [stdout] help: consider importing this trait
[INFO] [stdout]    |
[INFO] [stdout] 4  | use std::fmt::Display;
[INFO] [stdout]    |
[INFO] [stdout] 
[INFO] [stdout] 
[INFO] [stdout] error[E0405]: cannot find trait `Input` in crate `chip8`
[INFO] [stdout]   --> src/input.rs:19:13
[INFO] [stdout]    |
[INFO] [stdout] 19 | impl chip8::Input for SdlInput {
[INFO] [stdout]    |             ^^^^^ not found in `chip8`
[INFO] [stdout] 
[INFO] [stdout] 
[INFO] [stdout] error: aborting due to 4 previous errors
[INFO] [stdout] 
[INFO] [stdout] 
[INFO] [stdout] Some errors have detailed explanations: E0405, E0432.
[INFO] [stdout] 
[INFO] [stdout] For more information about an error, try `rustc --explain E0405`.
[INFO] [stdout] 
[INFO] [stderr] error: build failed
[INFO] running `Command { std: "docker" "inspect" "a35ccc944c1f98d923b909c3372ff402cf62d7d022599c47ecba90308e76d5d8", kill_on_drop: false }`
[INFO] running `Command { std: "docker" "rm" "-f" "a35ccc944c1f98d923b909c3372ff402cf62d7d022599c47ecba90308e76d5d8", kill_on_drop: false }`
[INFO] [stdout] a35ccc944c1f98d923b909c3372ff402cf62d7d022599c47ecba90308e76d5d8
